Last updated on 2022-04-24 03:52:26 CEST.
| Flavor | Version | Tinstall | Tcheck | Ttotal | Status | Flags | 
|---|---|---|---|---|---|---|
| r-devel-linux-x86_64-debian-clang | 1.1.2 | 3.55 | 40.02 | 43.57 | OK | |
| r-devel-linux-x86_64-debian-gcc | 1.1.2 | 2.79 | 30.91 | 33.70 | OK | |
| r-devel-linux-x86_64-fedora-clang | 1.1.2 | 53.00 | NOTE | |||
| r-devel-linux-x86_64-fedora-gcc | 1.1.2 | 40.65 | NOTE | |||
| r-patched-linux-x86_64 | 1.1.2 | 3.11 | 38.15 | 41.26 | OK | |
| r-release-linux-x86_64 | 1.1.2 | 3.26 | 37.62 | 40.88 | OK | |
| r-release-macos-arm64 | 1.1.2 | NOTE | ||||
| r-release-macos-x86_64 | 1.1.2 | NOTE | ||||
| r-release-windows-x86_64 | 1.1.2 | 13.00 | 55.00 | 68.00 | OK | |
| r-oldrel-macos-arm64 | 1.1.2 | NOTE | ||||
| r-oldrel-macos-x86_64 | 1.1.2 | NOTE | ||||
| r-oldrel-windows-ix86+x86_64 | 1.1.2 | 8.00 | 45.00 | 53.00 | OK | 
Version: 1.1.2
Check: dependencies in R code
Result: NOTE
    Namespace in Imports field not imported from: ‘purrr’
      All declared Imports should be used.
Flavors: r-devel-linux-x86_64-fedora-clang, r-devel-linux-x86_64-fedora-gcc, r-release-macos-arm64, r-release-macos-x86_64, r-oldrel-macos-arm64, r-oldrel-macos-x86_64