Last updated on 2022-04-24 03:52:26 CEST.
Flavor | Version | Tinstall | Tcheck | Ttotal | Status | Flags |
---|---|---|---|---|---|---|
r-devel-linux-x86_64-debian-clang | 0.9 | 2.09 | 46.77 | 48.86 | OK | |
r-devel-linux-x86_64-debian-gcc | 0.9 | 1.22 | 35.68 | 36.90 | OK | |
r-devel-linux-x86_64-fedora-clang | 0.9 | 62.33 | NOTE | |||
r-devel-linux-x86_64-fedora-gcc | 0.9 | 47.72 | NOTE | |||
r-patched-linux-x86_64 | 0.9 | 1.52 | 43.92 | 45.44 | OK | |
r-release-linux-x86_64 | 0.9 | 1.45 | 42.44 | 43.89 | OK | |
r-release-macos-arm64 | 0.9 | NOTE | ||||
r-release-macos-x86_64 | 0.9 | NOTE | ||||
r-release-windows-x86_64 | 0.9 | 43.00 | 133.00 | 176.00 | OK | |
r-oldrel-macos-arm64 | 0.9 | NOTE | ||||
r-oldrel-macos-x86_64 | 0.9 | NOTE | ||||
r-oldrel-windows-ix86+x86_64 | 0.9 | 6.00 | 51.00 | 57.00 | OK |
Version: 0.9
Check: dependencies in R code
Result: NOTE
Namespaces in Imports field not imported from:
‘BiocManager’ ‘R.utils’ ‘markdown’
All declared Imports should be used.
Flavors: r-devel-linux-x86_64-fedora-clang, r-devel-linux-x86_64-fedora-gcc, r-release-macos-arm64, r-release-macos-x86_64, r-oldrel-macos-arm64, r-oldrel-macos-x86_64