Last updated on 2022-04-24 03:52:26 CEST.
Flavor | Version | Tinstall | Tcheck | Ttotal | Status | Flags |
---|---|---|---|---|---|---|
r-devel-linux-x86_64-debian-clang | 0.5.3 | 32.66 | 315.56 | 348.22 | OK | |
r-devel-linux-x86_64-debian-gcc | 0.6.1 | 27.14 | 230.76 | 257.90 | OK | |
r-devel-linux-x86_64-fedora-clang | 0.6.1 | 435.42 | NOTE | |||
r-devel-linux-x86_64-fedora-gcc | 0.6.1 | 421.83 | NOTE | |||
r-patched-linux-x86_64 | 0.6.1 | 29.31 | 286.87 | 316.18 | OK | |
r-release-linux-x86_64 | 0.5.3 | 25.49 | 265.98 | 291.47 | OK | |
r-release-macos-arm64 | 0.5.3 | NOTE | ||||
r-release-macos-x86_64 | 0.5.3 | WARN | --as-cran | |||
r-release-windows-x86_64 | 0.5.3 | 45.00 | 297.00 | 342.00 | OK | |
r-oldrel-macos-arm64 | 0.5.3 | NOTE | ||||
r-oldrel-macos-x86_64 | 0.5.3 | WARN | --as-cran | |||
r-oldrel-windows-ix86+x86_64 | 0.5.3 | 72.00 | 289.00 | 361.00 | OK |
Version: 0.6.1
Check: data for non-ASCII characters
Result: NOTE
Note: found 123 marked UTF-8 strings
Flavors: r-devel-linux-x86_64-fedora-clang, r-devel-linux-x86_64-fedora-gcc
Version: 0.5.3
Check: data for non-ASCII characters
Result: NOTE
Note: found 123 marked UTF-8 strings
Flavors: r-release-macos-arm64, r-oldrel-macos-arm64
Version: 0.5.3
Flags: --as-cran
Check: CRAN incoming feasibility
Result: WARN
Maintainer: ‘Yunze Liu <jieandze1314@gmail.com>’
Insufficient package version (submitted: 0.5.3, existing: 0.5.3)
Days since last update: 0
Flavors: r-release-macos-x86_64, r-oldrel-macos-x86_64
Version: 0.5.3
Flags: --as-cran
Check: top-level files
Result: NOTE
Files ‘README.md’ or ‘NEWS.md’ cannot be checked without ‘pandoc’ being installed.
Flavors: r-release-macos-x86_64, r-oldrel-macos-x86_64