Last updated on 2022-04-24 03:52:26 CEST.
| Flavor | Version | Tinstall | Tcheck | Ttotal | Status | Flags | 
|---|---|---|---|---|---|---|
| r-devel-linux-x86_64-debian-clang | 1.1.7 | 139.42 | 61.97 | 201.39 | NOTE | |
| r-devel-linux-x86_64-debian-gcc | 1.1.7 | 115.60 | 41.23 | 156.83 | NOTE | |
| r-devel-linux-x86_64-fedora-clang | 1.1.7 | 305.28 | NOTE | |||
| r-devel-linux-x86_64-fedora-gcc | 1.1.7 | 255.04 | NOTE | |||
| r-patched-linux-x86_64 | 1.1.7 | 120.59 | 51.93 | 172.52 | NOTE | |
| r-release-linux-x86_64 | 1.1.7 | 122.28 | 50.65 | 172.93 | NOTE | |
| r-release-macos-arm64 | 1.1.7 | NOTE | ||||
| r-release-macos-x86_64 | 1.1.7 | NOTE | ||||
| r-release-windows-x86_64 | 1.1.7 | 219.00 | 96.00 | 315.00 | NOTE | |
| r-oldrel-macos-arm64 | 1.1.7 | NOTE | ||||
| r-oldrel-macos-x86_64 | 1.1.7 | NOTE | ||||
| r-oldrel-windows-ix86+x86_64 | 1.1.7 | 315.00 | 101.00 | 416.00 | NOTE | 
Version: 1.1.7
Check: LazyData
Result: NOTE
      'LazyData' is specified without a 'data' directory
Flavors: r-devel-linux-x86_64-debian-clang, r-devel-linux-x86_64-debian-gcc, r-devel-linux-x86_64-fedora-clang, r-devel-linux-x86_64-fedora-gcc, r-patched-linux-x86_64, r-release-linux-x86_64, r-release-macos-arm64, r-release-macos-x86_64, r-release-windows-x86_64, r-oldrel-macos-arm64, r-oldrel-macos-x86_64, r-oldrel-windows-ix86+x86_64
Version: 1.1.7
Check: installed package size
Result: NOTE
      installed size is  8.7Mb
      sub-directories of 1Mb or more:
        doc    1.0Mb
        libs   6.6Mb
Flavors: r-devel-linux-x86_64-fedora-clang, r-release-macos-arm64, r-release-macos-x86_64, r-oldrel-macos-arm64, r-oldrel-macos-x86_64, r-oldrel-windows-ix86+x86_64