Last updated on 2022-04-24 03:52:26 CEST.
Flavor | Version | Tinstall | Tcheck | Ttotal | Status | Flags |
---|---|---|---|---|---|---|
r-devel-linux-x86_64-debian-clang | 0.1.0 | 1.85 | 31.83 | 33.68 | NOTE | |
r-devel-linux-x86_64-debian-gcc | 0.1.0 | 1.60 | 24.97 | 26.57 | NOTE | |
r-devel-linux-x86_64-fedora-clang | 0.1.0 | 42.48 | NOTE | |||
r-devel-linux-x86_64-fedora-gcc | 0.1.0 | 30.52 | NOTE | |||
r-patched-linux-x86_64 | 0.1.0 | 2.22 | 30.77 | 32.99 | NOTE | |
r-release-linux-x86_64 | 0.1.0 | 1.43 | 29.88 | 31.31 | NOTE | |
r-release-macos-arm64 | 0.1.0 | NOTE | ||||
r-release-macos-x86_64 | 0.1.0 | NOTE | ||||
r-release-windows-x86_64 | 0.1.0 | 23.00 | 48.00 | 71.00 | NOTE | |
r-oldrel-macos-arm64 | 0.1.0 | NOTE | ||||
r-oldrel-macos-x86_64 | 0.1.0 | NOTE | ||||
r-oldrel-windows-ix86+x86_64 | 0.1.0 | 5.00 | 37.00 | 42.00 | NOTE |
Version: 0.1.0
Check: LazyData
Result: NOTE
'LazyData' is specified without a 'data' directory
Flavors: r-devel-linux-x86_64-debian-clang, r-devel-linux-x86_64-debian-gcc, r-devel-linux-x86_64-fedora-clang, r-devel-linux-x86_64-fedora-gcc, r-patched-linux-x86_64, r-release-linux-x86_64, r-release-macos-arm64, r-release-macos-x86_64, r-release-windows-x86_64, r-oldrel-macos-arm64, r-oldrel-macos-x86_64, r-oldrel-windows-ix86+x86_64