Last updated on 2022-04-24 03:52:26 CEST.
Flavor | Version | Tinstall | Tcheck | Ttotal | Status | Flags |
---|---|---|---|---|---|---|
r-devel-linux-x86_64-debian-clang | 0.1.2 | 2.54 | 49.38 | 51.92 | OK | |
r-devel-linux-x86_64-debian-gcc | 0.1.2 | 1.80 | 36.08 | 37.88 | OK | |
r-devel-linux-x86_64-fedora-clang | 0.1.2 | 60.15 | NOTE | |||
r-devel-linux-x86_64-fedora-gcc | 0.1.2 | 48.41 | OK | |||
r-patched-linux-x86_64 | 0.1.2 | 2.93 | 45.75 | 48.68 | OK | |
r-release-linux-x86_64 | 0.1.2 | 2.25 | 44.50 | 46.75 | OK | |
r-release-macos-arm64 | 0.1.2 | OK | ||||
r-release-macos-x86_64 | 0.1.2 | OK | ||||
r-release-windows-x86_64 | 0.1.2 | 140.00 | 64.00 | 204.00 | OK | |
r-oldrel-macos-arm64 | 0.1.2 | OK | ||||
r-oldrel-macos-x86_64 | 0.1.2 | OK | ||||
r-oldrel-windows-ix86+x86_64 | 0.1.2 | 10.00 | 54.00 | 64.00 | OK |
Version: 0.1.2
Check: Rd cross-references
Result: NOTE
Undeclared package ‘tune’ in Rd xrefs
Flavor: r-devel-linux-x86_64-fedora-clang