Last updated on 2022-04-24 03:52:26 CEST.
Flavor | Version | Tinstall | Tcheck | Ttotal | Status | Flags |
---|---|---|---|---|---|---|
r-devel-linux-x86_64-debian-clang | 1.0.25 | 32.73 | 73.70 | 106.43 | OK | |
r-devel-linux-x86_64-debian-gcc | 1.0.25 | 22.71 | 55.46 | 78.17 | OK | |
r-devel-linux-x86_64-fedora-clang | 1.0.25 | 141.94 | OK | |||
r-devel-linux-x86_64-fedora-gcc | 1.0.25 | 117.01 | OK | |||
r-patched-linux-x86_64 | 1.0.25 | 26.26 | 69.40 | 95.66 | OK | |
r-release-linux-x86_64 | 1.0.25 | 26.40 | 55.82 | 82.22 | OK | |
r-release-macos-arm64 | 1.0.25 | NOTE | ||||
r-release-macos-x86_64 | 1.0.25 | OK | ||||
r-release-windows-x86_64 | 1.0.25 | 53.00 | 120.00 | 173.00 | OK | |
r-oldrel-macos-arm64 | 1.0.25 | NOTE | ||||
r-oldrel-macos-x86_64 | 1.0.25 | OK | ||||
r-oldrel-windows-ix86+x86_64 | 1.0.25 | 77.00 | 115.00 | 192.00 | OK |
Version: 1.0.25
Check: package dependencies
Result: NOTE
Package suggested but not available for checking: ‘snpStats’
Flavors: r-release-macos-arm64, r-oldrel-macos-arm64