Last updated on 2022-04-24 03:52:26 CEST.
Flavor | Version | Tinstall | Tcheck | Ttotal | Status | Flags |
---|---|---|---|---|---|---|
r-devel-linux-x86_64-debian-clang | 2.2.3 | 10.68 | 103.57 | 114.25 | OK | |
r-devel-linux-x86_64-debian-gcc | 2.2.3 | 8.61 | 76.71 | 85.32 | OK | |
r-devel-linux-x86_64-fedora-clang | 2.2.3 | 135.74 | OK | |||
r-devel-linux-x86_64-fedora-gcc | 2.2.3 | 123.21 | OK | |||
r-patched-linux-x86_64 | 2.2.3 | 10.95 | 97.95 | 108.90 | OK | |
r-release-linux-x86_64 | 2.2.3 | 9.05 | 90.66 | 99.71 | OK | |
r-release-macos-arm64 | 2.2.3 | OK | ||||
r-release-macos-x86_64 | 2.2.3 | OK | ||||
r-release-windows-x86_64 | 2.2.3 | 20.00 | 111.00 | 131.00 | WARN | |
r-oldrel-macos-arm64 | 2.2.3 | OK | ||||
r-oldrel-macos-x86_64 | 2.2.3 | OK | ||||
r-oldrel-windows-ix86+x86_64 | 2.2.3 | 25.00 | 106.00 | 131.00 | OK |
Version: 2.2.3
Check: R files for syntax errors
Result: WARN
Warnings in file 'R/utils.R':
unable to translate '<U+00E9>' to native encoding
unable to translate '<U+00F6>' to native encoding
unable to translate '<U+00F8>' to native encoding
unable to translate '<U+2019>' to native encoding
Flavor: r-release-windows-x86_64