Last updated on 2022-04-24 03:52:26 CEST.
Flavor | Version | Tinstall | Tcheck | Ttotal | Status | Flags |
---|---|---|---|---|---|---|
r-devel-linux-x86_64-debian-clang | 1.0.0 | 5.98 | 71.34 | 77.32 | NOTE | |
r-devel-linux-x86_64-debian-gcc | 1.0.0 | 5.68 | 52.58 | 58.26 | NOTE | |
r-devel-linux-x86_64-fedora-clang | 1.0.0 | 90.83 | NOTE | |||
r-devel-linux-x86_64-fedora-gcc | 1.0.0 | 78.82 | NOTE | |||
r-patched-linux-x86_64 | 1.0.0 | 5.79 | 65.31 | 71.10 | NOTE | |
r-release-linux-x86_64 | 1.0.0 | 5.67 | 63.90 | 69.57 | NOTE | |
r-release-macos-arm64 | 1.0.0 | NOTE | ||||
r-release-macos-x86_64 | 1.0.0 | NOTE | ||||
r-release-windows-x86_64 | 1.0.0 | 17.00 | 99.00 | 116.00 | NOTE | |
r-oldrel-macos-arm64 | 1.0.0 | NOTE | ||||
r-oldrel-macos-x86_64 | 1.0.0 | NOTE | ||||
r-oldrel-windows-ix86+x86_64 | 1.0.0 | 18.00 | 90.00 | 108.00 | NOTE |
Version: 1.0.0
Check: LazyData
Result: NOTE
'LazyData' is specified without a 'data' directory
Flavors: r-devel-linux-x86_64-debian-clang, r-devel-linux-x86_64-debian-gcc, r-devel-linux-x86_64-fedora-clang, r-devel-linux-x86_64-fedora-gcc, r-patched-linux-x86_64, r-release-linux-x86_64, r-release-macos-arm64, r-release-macos-x86_64, r-release-windows-x86_64, r-oldrel-macos-arm64, r-oldrel-macos-x86_64, r-oldrel-windows-ix86+x86_64