Last updated on 2022-04-24 03:52:26 CEST.
Flavor | Version | Tinstall | Tcheck | Ttotal | Status | Flags |
---|---|---|---|---|---|---|
r-devel-linux-x86_64-debian-clang | 1.0-1 | 3.29 | 64.62 | 67.91 | NOTE | |
r-devel-linux-x86_64-debian-gcc | 1.0-1 | 2.59 | 47.26 | 49.85 | NOTE | |
r-devel-linux-x86_64-fedora-clang | 1.0-1 | 85.09 | NOTE | |||
r-devel-linux-x86_64-fedora-gcc | 1.0-1 | 66.40 | NOTE | |||
r-patched-linux-x86_64 | 1.0-1 | 2.22 | 60.82 | 63.04 | NOTE | |
r-release-linux-x86_64 | 1.0-1 | 2.94 | 58.44 | 61.38 | NOTE | |
r-release-macos-arm64 | 1.0-1 | NOTE | ||||
r-release-macos-x86_64 | 1.0-1 | NOTE | ||||
r-release-windows-x86_64 | 1.0-1 | 26.00 | 79.00 | 105.00 | NOTE | |
r-oldrel-macos-arm64 | 1.0-1 | NOTE | ||||
r-oldrel-macos-x86_64 | 1.0-1 | NOTE | ||||
r-oldrel-windows-ix86+x86_64 | 1.0-1 | 7.00 | 69.00 | 76.00 | NOTE |
Version: 1.0-1
Check: LazyData
Result: NOTE
'LazyData' is specified without a 'data' directory
Flavors: r-devel-linux-x86_64-debian-clang, r-devel-linux-x86_64-debian-gcc, r-devel-linux-x86_64-fedora-clang, r-devel-linux-x86_64-fedora-gcc, r-patched-linux-x86_64, r-release-linux-x86_64, r-release-macos-arm64, r-release-macos-x86_64, r-release-windows-x86_64, r-oldrel-macos-arm64, r-oldrel-macos-x86_64, r-oldrel-windows-ix86+x86_64