Last updated on 2022-04-24 03:52:26 CEST.
Flavor | Version | Tinstall | Tcheck | Ttotal | Status | Flags |
---|---|---|---|---|---|---|
r-devel-linux-x86_64-debian-clang | 0.0.1.8 | 13.33 | 137.49 | 150.82 | NOTE | |
r-devel-linux-x86_64-debian-gcc | 0.0.1.8 | 11.53 | 100.35 | 111.88 | NOTE | |
r-devel-linux-x86_64-fedora-clang | 0.0.1.8 | 175.95 | NOTE | |||
r-devel-linux-x86_64-fedora-gcc | 0.0.1.8 | 165.79 | NOTE | |||
r-patched-linux-x86_64 | 0.0.1.8 | 13.68 | 127.91 | 141.59 | NOTE | |
r-release-linux-x86_64 | 0.0.1.8 | 11.69 | 117.94 | 129.63 | NOTE | |
r-release-macos-arm64 | 0.0.1.8 | NOTE | ||||
r-release-macos-x86_64 | 0.0.1.8 | NOTE | ||||
r-release-windows-x86_64 | 0.0.1.8 | 113.00 | 149.00 | 262.00 | NOTE | |
r-oldrel-macos-arm64 | 0.0.1.8 | NOTE | ||||
r-oldrel-macos-x86_64 | 0.0.1.8 | NOTE | ||||
r-oldrel-windows-ix86+x86_64 | 0.0.1.8 | 28.00 | 142.00 | 170.00 | NOTE |
Version: 0.0.1.8
Check: package vignettes
Result: NOTE
Package vignette with placeholder title 'Vignette Title':
'genotypeR.Rmd'
Flavors: r-devel-linux-x86_64-debian-clang, r-devel-linux-x86_64-debian-gcc, r-patched-linux-x86_64, r-release-linux-x86_64, r-release-windows-x86_64, r-oldrel-windows-ix86+x86_64
Version: 0.0.1.8
Check: for non-standard things in the check directory
Result: NOTE
Found the following files/directories:
'test.csv' 'test_temp_cross.csv'
Flavors: r-devel-linux-x86_64-debian-clang, r-devel-linux-x86_64-debian-gcc, r-devel-linux-x86_64-fedora-clang, r-devel-linux-x86_64-fedora-gcc, r-patched-linux-x86_64, r-release-linux-x86_64
Version: 0.0.1.8
Check: dependencies in R code
Result: NOTE
Namespace in Imports field not imported from: ‘colorspace’
All declared Imports should be used.
Flavors: r-devel-linux-x86_64-fedora-clang, r-devel-linux-x86_64-fedora-gcc, r-release-macos-arm64, r-release-macos-x86_64, r-oldrel-macos-arm64, r-oldrel-macos-x86_64