Last updated on 2022-04-24 03:52:26 CEST.
Flavor | Version | Tinstall | Tcheck | Ttotal | Status | Flags |
---|---|---|---|---|---|---|
r-devel-linux-x86_64-debian-clang | 1.0.2 | 12.84 | 127.11 | 139.95 | NOTE | |
r-devel-linux-x86_64-debian-gcc | 1.0.2 | 12.48 | 93.76 | 106.24 | NOTE | |
r-devel-linux-x86_64-fedora-clang | 1.0.2 | 173.91 | NOTE | |||
r-devel-linux-x86_64-fedora-gcc | 1.0.2 | 165.30 | NOTE | |||
r-patched-linux-x86_64 | 1.0.2 | 14.40 | 125.21 | 139.61 | NOTE | |
r-release-linux-x86_64 | 1.0.2 | 16.29 | 124.48 | 140.77 | NOTE | |
r-release-macos-arm64 | 1.0.2 | NOTE | ||||
r-release-macos-x86_64 | 1.0.2 | NOTE | ||||
r-release-windows-x86_64 | 1.0.2 | 71.00 | 167.00 | 238.00 | NOTE | |
r-oldrel-macos-arm64 | 1.0.2 | NOTE | ||||
r-oldrel-macos-x86_64 | 1.0.2 | NOTE | ||||
r-oldrel-windows-ix86+x86_64 | 1.0.2 | 34.00 | 254.00 | 288.00 | NOTE |
Version: 1.0.2
Check: LazyData
Result: NOTE
'LazyData' is specified without a 'data' directory
Flavors: r-devel-linux-x86_64-debian-clang, r-devel-linux-x86_64-debian-gcc, r-devel-linux-x86_64-fedora-clang, r-devel-linux-x86_64-fedora-gcc, r-patched-linux-x86_64, r-release-linux-x86_64, r-release-macos-arm64, r-release-macos-x86_64, r-release-windows-x86_64, r-oldrel-macos-arm64, r-oldrel-macos-x86_64, r-oldrel-windows-ix86+x86_64