Last updated on 2022-04-24 03:52:26 CEST.
Flavor | Version | Tinstall | Tcheck | Ttotal | Status | Flags |
---|---|---|---|---|---|---|
r-devel-linux-x86_64-debian-clang | 0.1.0 | 2.97 | 190.75 | 193.72 | NOTE | |
r-devel-linux-x86_64-debian-gcc | 0.1.0 | 2.05 | 134.05 | 136.10 | NOTE | |
r-devel-linux-x86_64-fedora-clang | 0.1.0 | 222.15 | NOTE | |||
r-devel-linux-x86_64-fedora-gcc | 0.1.0 | 220.84 | NOTE | |||
r-patched-linux-x86_64 | 0.1.0 | 2.77 | 181.99 | 184.76 | NOTE | |
r-release-linux-x86_64 | 0.1.0 | 2.47 | 177.23 | 179.70 | NOTE | |
r-release-macos-arm64 | 0.1.0 | NOTE | ||||
r-release-macos-x86_64 | 0.1.0 | NOTE | ||||
r-release-windows-x86_64 | 0.1.0 | 8.00 | 195.00 | 203.00 | NOTE | |
r-oldrel-macos-arm64 | 0.1.0 | NOTE | ||||
r-oldrel-macos-x86_64 | 0.1.0 | NOTE | ||||
r-oldrel-windows-ix86+x86_64 | 0.1.0 | 5.00 | 205.00 | 210.00 | NOTE |
Version: 0.1.0
Check: LazyData
Result: NOTE
'LazyData' is specified without a 'data' directory
Flavors: r-devel-linux-x86_64-debian-clang, r-devel-linux-x86_64-debian-gcc, r-devel-linux-x86_64-fedora-clang, r-devel-linux-x86_64-fedora-gcc, r-patched-linux-x86_64, r-release-linux-x86_64, r-release-macos-arm64, r-release-macos-x86_64, r-release-windows-x86_64, r-oldrel-macos-arm64, r-oldrel-macos-x86_64, r-oldrel-windows-ix86+x86_64