Last updated on 2022-04-24 03:52:26 CEST.
Flavor | Version | Tinstall | Tcheck | Ttotal | Status | Flags |
---|---|---|---|---|---|---|
r-devel-linux-x86_64-debian-clang | 0.1.3 | 28.45 | 249.37 | 277.82 | NOTE | |
r-devel-linux-x86_64-debian-gcc | 0.1.3 | 21.75 | 185.46 | 207.21 | NOTE | |
r-devel-linux-x86_64-fedora-clang | 0.1.3 | 326.67 | NOTE | |||
r-devel-linux-x86_64-fedora-gcc | 0.1.3 | 337.03 | NOTE | |||
r-patched-linux-x86_64 | 0.1.3 | 31.19 | 242.41 | 273.60 | NOTE | |
r-release-linux-x86_64 | 0.1.3 | 28.88 | 220.37 | 249.25 | NOTE | |
r-release-macos-arm64 | 0.1.3 | NOTE | ||||
r-release-macos-x86_64 | 0.1.3 | NOTE | ||||
r-release-windows-x86_64 | 0.1.3 | 27.00 | 234.00 | 261.00 | NOTE | |
r-oldrel-macos-arm64 | 0.1.3 | NOTE | ||||
r-oldrel-macos-x86_64 | 0.1.3 | NOTE | ||||
r-oldrel-windows-ix86+x86_64 | 0.1.3 | 56.00 | 231.00 | 287.00 | NOTE |
Version: 0.1.3
Check: LazyData
Result: NOTE
'LazyData' is specified without a 'data' directory
Flavors: r-devel-linux-x86_64-debian-clang, r-devel-linux-x86_64-debian-gcc, r-devel-linux-x86_64-fedora-clang, r-devel-linux-x86_64-fedora-gcc, r-patched-linux-x86_64, r-release-linux-x86_64, r-release-macos-arm64, r-release-macos-x86_64, r-release-windows-x86_64, r-oldrel-macos-arm64, r-oldrel-macos-x86_64, r-oldrel-windows-ix86+x86_64
Version: 0.1.3
Check: dependencies in R code
Result: NOTE
Namespaces in Imports field not imported from:
‘iterators’ ‘methods’
All declared Imports should be used.
Flavors: r-devel-linux-x86_64-fedora-clang, r-devel-linux-x86_64-fedora-gcc, r-release-macos-arm64, r-release-macos-x86_64, r-oldrel-macos-arm64, r-oldrel-macos-x86_64