Last updated on 2022-04-24 03:52:26 CEST.
Flavor | Version | Tinstall | Tcheck | Ttotal | Status | Flags |
---|---|---|---|---|---|---|
r-devel-linux-x86_64-debian-clang | 0.2.0 | 141.24 | 827.40 | 968.64 | OK | |
r-devel-linux-x86_64-debian-gcc | 0.2.0 | 111.98 | 564.47 | 676.45 | OK | |
r-devel-linux-x86_64-fedora-clang | 0.2.0 | 1141.32 | NOTE | |||
r-devel-linux-x86_64-fedora-gcc | 0.2.0 | 1096.39 | NOTE | |||
r-patched-linux-x86_64 | 0.2.0 | 122.47 | 747.53 | 870.00 | OK | |
r-release-linux-x86_64 | 0.2.0 | 121.51 | 753.41 | 874.92 | OK | |
r-release-macos-arm64 | 0.2.0 | NOTE | ||||
r-release-macos-x86_64 | 0.2.0 | NOTE | ||||
r-release-windows-x86_64 | 0.2.0 | 178.00 | 829.00 | 1007.00 | NOTE | |
r-oldrel-macos-arm64 | 0.2.0 | NOTE | ||||
r-oldrel-macos-x86_64 | 0.2.0 | NOTE | ||||
r-oldrel-windows-ix86+x86_64 | 0.2.0 | 326.00 | 1208.00 | 1534.00 | NOTE |
Version: 0.2.0
Check: installed package size
Result: NOTE
installed size is 8.3Mb
sub-directories of 1Mb or more:
data 2.3Mb
doc 1.9Mb
libs 2.9Mb
Flavors: r-devel-linux-x86_64-fedora-clang, r-release-macos-arm64, r-release-macos-x86_64, r-release-windows-x86_64, r-oldrel-macos-arm64, r-oldrel-macos-x86_64, r-oldrel-windows-ix86+x86_64
Version: 0.2.0
Check: dependencies in R code
Result: NOTE
Namespace in Imports field not imported from: ‘rgdal’
All declared Imports should be used.
Flavors: r-devel-linux-x86_64-fedora-clang, r-devel-linux-x86_64-fedora-gcc, r-release-macos-arm64, r-release-macos-x86_64, r-oldrel-macos-arm64, r-oldrel-macos-x86_64