Last updated on 2022-04-24 03:52:26 CEST.
Flavor | Version | Tinstall | Tcheck | Ttotal | Status | Flags |
---|---|---|---|---|---|---|
r-devel-linux-x86_64-debian-clang | 0.0.7 | 7.24 | 37.42 | 44.66 | NOTE | |
r-devel-linux-x86_64-debian-gcc | 0.0.7 | 6.06 | 28.82 | 34.88 | NOTE | |
r-devel-linux-x86_64-fedora-clang | 0.0.7 | 55.06 | NOTE | |||
r-devel-linux-x86_64-fedora-gcc | 0.0.7 | 44.91 | NOTE | |||
r-patched-linux-x86_64 | 0.0.7 | 6.31 | 35.90 | 42.21 | NOTE | |
r-release-linux-x86_64 | 0.0.7 | 5.89 | 35.71 | 41.60 | NOTE | |
r-release-macos-arm64 | 0.0.7 | NOTE | ||||
r-release-macos-x86_64 | 0.0.7 | NOTE | ||||
r-release-windows-x86_64 | 0.0.7 | 31.00 | 58.00 | 89.00 | NOTE | |
r-oldrel-macos-arm64 | 0.0.7 | NOTE | ||||
r-oldrel-macos-x86_64 | 0.0.7 | NOTE | ||||
r-oldrel-windows-ix86+x86_64 | 0.0.7 | 24.00 | 57.00 | 81.00 | NOTE |
Version: 0.0.7
Check: LazyData
Result: NOTE
'LazyData' is specified without a 'data' directory
Flavors: r-devel-linux-x86_64-debian-clang, r-devel-linux-x86_64-debian-gcc, r-devel-linux-x86_64-fedora-clang, r-devel-linux-x86_64-fedora-gcc, r-patched-linux-x86_64, r-release-linux-x86_64, r-release-macos-arm64, r-release-macos-x86_64, r-release-windows-x86_64, r-oldrel-macos-arm64, r-oldrel-macos-x86_64, r-oldrel-windows-ix86+x86_64