Last updated on 2022-04-24 03:52:26 CEST.
Flavor | Version | Tinstall | Tcheck | Ttotal | Status | Flags |
---|---|---|---|---|---|---|
r-devel-linux-x86_64-debian-clang | 1.0.6 | 9.52 | 190.04 | 199.56 | OK | |
r-devel-linux-x86_64-debian-gcc | 1.0.6 | 7.38 | 134.45 | 141.83 | OK | |
r-devel-linux-x86_64-fedora-clang | 1.0.6 | 230.11 | NOTE | |||
r-devel-linux-x86_64-fedora-gcc | 1.0.6 | 226.05 | NOTE | |||
r-patched-linux-x86_64 | 1.0.6 | 10.58 | 177.73 | 188.31 | OK | |
r-release-linux-x86_64 | 1.0.6 | 8.34 | 178.02 | 186.36 | OK | |
r-release-macos-arm64 | 1.0.6 | NOTE | ||||
r-release-macos-x86_64 | 1.0.6 | NOTE | ||||
r-release-windows-x86_64 | 1.0.6 | 43.00 | 265.00 | 308.00 | OK | |
r-oldrel-macos-arm64 | 1.0.6 | NOTE | ||||
r-oldrel-macos-x86_64 | 1.0.6 | NOTE | ||||
r-oldrel-windows-ix86+x86_64 | 1.0.6 | 23.00 | 262.00 | 285.00 | OK |
Version: 1.0.6
Check: data for non-ASCII characters
Result: NOTE
Note: found 76726 marked UTF-8 strings
Flavors: r-devel-linux-x86_64-fedora-clang, r-devel-linux-x86_64-fedora-gcc, r-release-macos-arm64, r-release-macos-x86_64, r-oldrel-macos-arm64, r-oldrel-macos-x86_64