Last updated on 2022-04-24 03:52:26 CEST.
Flavor | Version | Tinstall | Tcheck | Ttotal | Status | Flags |
---|---|---|---|---|---|---|
r-devel-linux-x86_64-debian-clang | 0.1.1 | 33.96 | 106.48 | 140.44 | NOTE | |
r-devel-linux-x86_64-debian-gcc | 0.1.1 | 25.77 | 79.34 | 105.11 | NOTE | |
r-devel-linux-x86_64-fedora-clang | 0.1.1 | 172.27 | NOTE | |||
r-devel-linux-x86_64-fedora-gcc | 0.1.1 | 160.12 | NOTE | |||
r-patched-linux-x86_64 | 0.1.1 | 31.27 | 99.34 | 130.61 | NOTE | |
r-release-linux-x86_64 | 0.1.1 | 28.49 | 95.45 | 123.94 | NOTE | |
r-release-macos-arm64 | 0.1.1 | NOTE | ||||
r-release-macos-x86_64 | 0.1.1 | NOTE | ||||
r-release-windows-x86_64 | 0.1.1 | 40.00 | 133.00 | 173.00 | NOTE | |
r-oldrel-macos-arm64 | 0.1.1 | NOTE | ||||
r-oldrel-macos-x86_64 | 0.1.1 | NOTE | ||||
r-oldrel-windows-ix86+x86_64 | 0.1.1 | 83.00 | 176.00 | 259.00 | NOTE |
Version: 0.1.1
Check: LazyData
Result: NOTE
'LazyData' is specified without a 'data' directory
Flavors: r-devel-linux-x86_64-debian-clang, r-devel-linux-x86_64-debian-gcc, r-devel-linux-x86_64-fedora-clang, r-devel-linux-x86_64-fedora-gcc, r-patched-linux-x86_64, r-release-linux-x86_64, r-release-macos-arm64, r-release-macos-x86_64, r-release-windows-x86_64, r-oldrel-macos-arm64, r-oldrel-macos-x86_64, r-oldrel-windows-ix86+x86_64
Version: 0.1.1
Check: installed package size
Result: NOTE
installed size is 5.2Mb
sub-directories of 1Mb or more:
extdata 3.1Mb
libs 2.0Mb
Flavor: r-oldrel-windows-ix86+x86_64