Last updated on 2022-04-24 03:52:26 CEST.
Flavor | Version | Tinstall | Tcheck | Ttotal | Status | Flags |
---|---|---|---|---|---|---|
r-devel-linux-x86_64-debian-clang | 2.0.2 | 89.28 | 43.48 | 132.76 | OK | |
r-devel-linux-x86_64-debian-gcc | 2.0.2 | 76.50 | 34.10 | 110.60 | OK | |
r-devel-linux-x86_64-fedora-clang | 2.0.2 | 199.44 | NOTE | |||
r-devel-linux-x86_64-fedora-gcc | 2.0.2 | 182.55 | OK | |||
r-patched-linux-x86_64 | 2.0.2 | 86.12 | 41.89 | 128.01 | OK | |
r-release-linux-x86_64 | 2.0.2 | 80.87 | 41.05 | 121.92 | OK | |
r-release-macos-arm64 | 2.0.2 | NOTE | ||||
r-release-macos-x86_64 | 2.0.2 | NOTE | ||||
r-release-windows-x86_64 | 2.0.2 | 97.00 | 87.00 | 184.00 | OK | |
r-oldrel-macos-arm64 | 2.0.2 | NOTE | ||||
r-oldrel-macos-x86_64 | 2.0.2 | NOTE | ||||
r-oldrel-windows-ix86+x86_64 | 2.0.2 | 199.00 | 84.00 | 283.00 | OK |
Version: 2.0.2
Check: installed package size
Result: NOTE
installed size is 6.4Mb
sub-directories of 1Mb or more:
help 1.3Mb
libs 4.3Mb
Flavors: r-devel-linux-x86_64-fedora-clang, r-release-macos-arm64, r-release-macos-x86_64, r-oldrel-macos-arm64, r-oldrel-macos-x86_64