Last updated on 2022-04-24 03:52:26 CEST.
Flavor | Version | Tinstall | Tcheck | Ttotal | Status | Flags |
---|---|---|---|---|---|---|
r-devel-linux-x86_64-debian-clang | 2.0.3 | 62.98 | 194.91 | 257.89 | OK | |
r-devel-linux-x86_64-debian-gcc | 2.0.3 | 52.06 | 141.38 | 193.44 | OK | |
r-devel-linux-x86_64-fedora-clang | 2.0.3 | 340.40 | NOTE | |||
r-devel-linux-x86_64-fedora-gcc | 2.0.3 | 320.40 | NOTE | |||
r-patched-linux-x86_64 | 2.0.3 | 49.32 | 179.83 | 229.15 | OK | |
r-release-linux-x86_64 | 2.0.3 | 39.65 | 179.37 | 219.02 | OK | |
r-release-macos-arm64 | 2.0.3 | NOTE | ||||
r-release-macos-x86_64 | 2.0.3 | NOTE | ||||
r-release-windows-x86_64 | 2.0.3 | 91.00 | 245.00 | 336.00 | OK | |
r-oldrel-macos-arm64 | 2.0.3 | NOTE | ||||
r-oldrel-macos-x86_64 | 2.0.3 | NOTE | ||||
r-oldrel-windows-ix86+x86_64 | 2.0.3 | 152.00 | 338.00 | 490.00 | OK |
Version: 2.0.3
Check: dependencies in R code
Result: NOTE
Namespace in Imports field not imported from: ‘Rcpp’
All declared Imports should be used.
Flavors: r-devel-linux-x86_64-fedora-clang, r-devel-linux-x86_64-fedora-gcc, r-release-macos-arm64, r-release-macos-x86_64, r-oldrel-macos-arm64, r-oldrel-macos-x86_64