Last updated on 2022-04-24 03:52:26 CEST.
Flavor | Version | Tinstall | Tcheck | Ttotal | Status | Flags |
---|---|---|---|---|---|---|
r-devel-linux-x86_64-debian-clang | 1.0-4 | 3.88 | 46.74 | 50.62 | NOTE | |
r-devel-linux-x86_64-debian-gcc | 1.0-4 | 2.85 | 37.61 | 40.46 | NOTE | |
r-devel-linux-x86_64-fedora-clang | 1.0-4 | 62.25 | NOTE | |||
r-devel-linux-x86_64-fedora-gcc | 1.0-4 | 49.07 | NOTE | |||
r-patched-linux-x86_64 | 1.0-4 | 2.87 | 46.24 | 49.11 | NOTE | |
r-release-linux-x86_64 | 1.0-4 | 2.66 | 46.07 | 48.73 | NOTE | |
r-release-macos-arm64 | 1.0-4 | NOTE | ||||
r-release-macos-x86_64 | 1.0-4 | NOTE | ||||
r-release-windows-x86_64 | 1.0-4 | 30.00 | 75.00 | 105.00 | NOTE | |
r-oldrel-macos-arm64 | 1.0-4 | NOTE | ||||
r-oldrel-macos-x86_64 | 1.0-4 | NOTE | ||||
r-oldrel-windows-ix86+x86_64 | 1.0-4 | 6.00 | 59.00 | 65.00 | NOTE |
Version: 1.0-4
Check: DESCRIPTION meta-information
Result: NOTE
Malformed Description field: should contain one or more complete sentences.
Flavors: r-devel-linux-x86_64-debian-clang, r-devel-linux-x86_64-debian-gcc, r-devel-linux-x86_64-fedora-clang, r-devel-linux-x86_64-fedora-gcc, r-patched-linux-x86_64, r-release-linux-x86_64, r-release-macos-arm64, r-release-macos-x86_64, r-release-windows-x86_64, r-oldrel-macos-arm64, r-oldrel-macos-x86_64, r-oldrel-windows-ix86+x86_64
Version: 1.0-4
Check: Rd line widths
Result: NOTE
Rd file 'fujitopo.Rd':
\examples lines wider than 100 characters:
PLOC=list(LON=range(fujitopo$lon), x=range(fujitopo$lon), LAT=range(fujitopo$lat), y=range(fujitopo$lat))
These lines will be truncated in the PDF manual.
Flavors: r-devel-linux-x86_64-debian-clang, r-devel-linux-x86_64-debian-gcc, r-devel-linux-x86_64-fedora-clang, r-devel-linux-x86_64-fedora-gcc, r-patched-linux-x86_64, r-release-linux-x86_64
Version: 1.0-4
Check: installed package size
Result: NOTE
installed size is 26.1Mb
sub-directories of 1Mb or more:
data 26.0Mb
Flavors: r-devel-linux-x86_64-fedora-clang, r-release-macos-arm64, r-release-macos-x86_64, r-release-windows-x86_64, r-oldrel-macos-arm64, r-oldrel-macos-x86_64, r-oldrel-windows-ix86+x86_64