Last updated on 2022-04-24 03:52:26 CEST.
Flavor | Version | Tinstall | Tcheck | Ttotal | Status | Flags |
---|---|---|---|---|---|---|
r-devel-linux-x86_64-debian-clang | 2.0.1 | 1.63 | 32.75 | 34.38 | NOTE | |
r-devel-linux-x86_64-debian-gcc | 2.0.1 | 1.97 | 24.61 | 26.58 | NOTE | |
r-devel-linux-x86_64-fedora-clang | 2.0.1 | 42.70 | NOTE | |||
r-devel-linux-x86_64-fedora-gcc | 2.0.1 | 31.83 | NOTE | |||
r-patched-linux-x86_64 | 2.0.1 | 2.45 | 30.77 | 33.22 | NOTE | |
r-release-linux-x86_64 | 2.0.1 | 2.33 | 30.42 | 32.75 | NOTE | |
r-release-macos-arm64 | 2.0.1 | NOTE | ||||
r-release-macos-x86_64 | 2.0.1 | NOTE | ||||
r-release-windows-x86_64 | 2.0.1 | 10.00 | 47.00 | 57.00 | NOTE | |
r-oldrel-macos-arm64 | 2.0.1 | NOTE | ||||
r-oldrel-macos-x86_64 | 2.0.1 | NOTE | ||||
r-oldrel-windows-ix86+x86_64 | 2.0.1 | 5.00 | 37.00 | 42.00 | NOTE |
Version: 2.0.1
Check: LazyData
Result: NOTE
'LazyData' is specified without a 'data' directory
Flavors: r-devel-linux-x86_64-debian-clang, r-devel-linux-x86_64-debian-gcc, r-devel-linux-x86_64-fedora-clang, r-devel-linux-x86_64-fedora-gcc, r-patched-linux-x86_64, r-release-linux-x86_64, r-release-macos-arm64, r-release-macos-x86_64, r-release-windows-x86_64, r-oldrel-macos-arm64, r-oldrel-macos-x86_64, r-oldrel-windows-ix86+x86_64