Last updated on 2022-04-24 03:52:26 CEST.
Flavor | Version | Tinstall | Tcheck | Ttotal | Status | Flags |
---|---|---|---|---|---|---|
r-devel-linux-x86_64-debian-clang | 0.6-6 | 249.04 | 335.82 | 584.86 | OK | |
r-devel-linux-x86_64-debian-gcc | 0.6-6 | 185.87 | 241.33 | 427.20 | OK | |
r-devel-linux-x86_64-fedora-clang | 0.6-6 | 711.22 | NOTE | |||
r-devel-linux-x86_64-fedora-gcc | 0.6-6 | 728.38 | OK | |||
r-patched-linux-x86_64 | 0.6-6 | 241.12 | 317.31 | 558.43 | OK | |
r-release-linux-x86_64 | 0.6-6 | 203.86 | 309.28 | 513.14 | OK | |
r-release-macos-arm64 | 0.6-6 | NOTE | ||||
r-release-macos-x86_64 | 0.6-6 | NOTE | ||||
r-release-windows-x86_64 | 0.6-6 | 445.00 | 438.00 | 883.00 | NOTE | |
r-oldrel-macos-arm64 | 0.6-6 | NOTE | ||||
r-oldrel-macos-x86_64 | 0.6-6 | NOTE | ||||
r-oldrel-windows-ix86+x86_64 | 0.6-6 | 365.00 | 443.00 | 808.00 | NOTE |
Version: 0.6-6
Check: installed package size
Result: NOTE
installed size is 11.7Mb
sub-directories of 1Mb or more:
R 9.0Mb
extdata 1.7Mb
Flavors: r-devel-linux-x86_64-fedora-clang, r-release-macos-arm64, r-release-macos-x86_64, r-release-windows-x86_64, r-oldrel-macos-arm64, r-oldrel-macos-x86_64, r-oldrel-windows-ix86+x86_64