Last updated on 2022-04-24 03:52:26 CEST.
Flavor | Version | Tinstall | Tcheck | Ttotal | Status | Flags |
---|---|---|---|---|---|---|
r-devel-linux-x86_64-debian-clang | 0.2.0 | 108.14 | 40.95 | 149.09 | NOTE | |
r-devel-linux-x86_64-debian-gcc | 0.2.0 | 91.03 | 31.57 | 122.60 | NOTE | |
r-devel-linux-x86_64-fedora-clang | 0.2.0 | 219.47 | NOTE | |||
r-devel-linux-x86_64-fedora-gcc | 0.2.0 | 200.87 | NOTE | |||
r-patched-linux-x86_64 | 0.2.0 | 95.83 | 39.30 | 135.13 | NOTE | |
r-release-linux-x86_64 | 0.2.0 | 94.53 | 38.40 | 132.93 | NOTE | |
r-release-macos-arm64 | 0.2.0 | NOTE | ||||
r-release-macos-x86_64 | 0.2.0 | NOTE | ||||
r-release-windows-x86_64 | 0.2.0 | 124.00 | 87.00 | 211.00 | NOTE | |
r-oldrel-macos-arm64 | 0.2.0 | NOTE | ||||
r-oldrel-macos-x86_64 | 0.2.0 | NOTE | ||||
r-oldrel-windows-ix86+x86_64 | 0.2.0 | 242.00 | 79.00 | 321.00 | NOTE |
Version: 0.2.0
Check: LazyData
Result: NOTE
'LazyData' is specified without a 'data' directory
Flavors: r-devel-linux-x86_64-debian-clang, r-devel-linux-x86_64-debian-gcc, r-devel-linux-x86_64-fedora-clang, r-devel-linux-x86_64-fedora-gcc, r-patched-linux-x86_64, r-release-linux-x86_64, r-release-macos-arm64, r-release-macos-x86_64, r-release-windows-x86_64, r-oldrel-macos-arm64, r-oldrel-macos-x86_64, r-oldrel-windows-ix86+x86_64
Version: 0.2.0
Check: installed package size
Result: NOTE
installed size is 5.9Mb
sub-directories of 1Mb or more:
libs 5.4Mb
Flavors: r-release-macos-arm64, r-oldrel-macos-arm64