Last updated on 2022-04-24 03:52:26 CEST.
Flavor | Version | Tinstall | Tcheck | Ttotal | Status | Flags |
---|---|---|---|---|---|---|
r-devel-linux-x86_64-debian-clang | 0.4.1 | 4.27 | 92.02 | 96.29 | OK | |
r-devel-linux-x86_64-debian-gcc | 0.4.1 | 4.48 | 68.58 | 73.06 | OK | |
r-devel-linux-x86_64-fedora-clang | 0.4.1 | 124.54 | NOTE | |||
r-devel-linux-x86_64-fedora-gcc | 0.4.1 | 102.40 | OK | |||
r-patched-linux-x86_64 | 0.4.1 | 7.27 | 86.11 | 93.38 | OK | |
r-release-linux-x86_64 | 0.4.1 | 5.13 | 83.73 | 88.86 | OK | |
r-release-macos-arm64 | 0.4.1 | OK | ||||
r-release-macos-x86_64 | 0.4.1 | OK | ||||
r-release-windows-x86_64 | 0.4.1 | 18.00 | 110.00 | 128.00 | OK | |
r-oldrel-macos-arm64 | 0.4.1 | OK | ||||
r-oldrel-macos-x86_64 | 0.4.1 | OK | ||||
r-oldrel-windows-ix86+x86_64 | 0.4.1 | 16.00 | 99.00 | 115.00 | OK |
Version: 0.4.1
Check: Rd cross-references
Result: NOTE
Undeclared package ‘ggmap’ in Rd xrefs
Flavor: r-devel-linux-x86_64-fedora-clang