Last updated on 2022-04-24 03:52:26 CEST.
Flavor | Version | Tinstall | Tcheck | Ttotal | Status | Flags |
---|---|---|---|---|---|---|
r-devel-linux-x86_64-debian-clang | 2.0 | 3.54 | 36.36 | 39.90 | NOTE | |
r-devel-linux-x86_64-debian-gcc | 2.0 | 2.44 | 28.22 | 30.66 | NOTE | |
r-devel-linux-x86_64-fedora-clang | 2.0 | 49.44 | NOTE | |||
r-devel-linux-x86_64-fedora-gcc | 2.0 | 39.43 | NOTE | |||
r-patched-linux-x86_64 | 2.0 | 2.78 | 36.15 | 38.93 | NOTE | |
r-release-linux-x86_64 | 2.0 | 2.25 | 34.51 | 36.76 | NOTE | |
r-release-macos-arm64 | 2.0 | NOTE | ||||
r-release-macos-x86_64 | 2.0 | NOTE | ||||
r-release-windows-x86_64 | 2.0 | 14.00 | 54.00 | 68.00 | NOTE | |
r-oldrel-macos-arm64 | 2.0 | NOTE | ||||
r-oldrel-macos-x86_64 | 2.0 | NOTE | ||||
r-oldrel-windows-ix86+x86_64 | 2.0 | 7.00 | 28.00 | 35.00 | NOTE |
Version: 2.0
Check: R code for possible problems
Result: NOTE
geoscaleBox: no visible global function definition for 'boxplot'
geoscaleBox: no visible global function definition for 'par'
geoscaleBox: no visible global function definition for 'text'
geoscaleBox: no visible global function definition for 'segments'
geoscaleBox: no visible global function definition for 'rect'
geoscaleBox: no visible global function definition for 'rgb'
geoscaleBox: no visible global function definition for 'polygon'
geoscaleBox: no visible global function definition for 'points'
geoscaleBox: no visible global function definition for 'axis'
geoscalePlot: no visible global function definition for 'par'
geoscalePlot: no visible global function definition for 'text'
geoscalePlot: no visible global function definition for 'segments'
geoscalePlot: no visible global function definition for 'rect'
geoscalePlot: no visible global function definition for 'rgb'
geoscalePlot: no visible global function definition for 'points'
geoscalePlot: no visible global function definition for 'axis'
Undefined global functions or variables:
axis boxplot par points polygon rect rgb segments text
Consider adding
importFrom("grDevices", "rgb")
importFrom("graphics", "axis", "boxplot", "par", "points", "polygon",
"rect", "segments", "text")
to your NAMESPACE file.
Flavors: r-devel-linux-x86_64-debian-clang, r-devel-linux-x86_64-debian-gcc, r-devel-linux-x86_64-fedora-clang, r-devel-linux-x86_64-fedora-gcc, r-patched-linux-x86_64, r-release-linux-x86_64, r-release-macos-arm64, r-release-macos-x86_64, r-release-windows-x86_64, r-oldrel-macos-arm64, r-oldrel-macos-x86_64, r-oldrel-windows-ix86+x86_64