Last updated on 2022-04-24 03:52:26 CEST.
Flavor | Version | Tinstall | Tcheck | Ttotal | Status | Flags |
---|---|---|---|---|---|---|
r-devel-linux-x86_64-debian-clang | 1.0-2 | 11.30 | 153.67 | 164.97 | OK | |
r-devel-linux-x86_64-debian-gcc | 1.0-2 | 10.09 | 109.41 | 119.50 | OK | |
r-devel-linux-x86_64-fedora-clang | 1.0-2 | 192.53 | NOTE | |||
r-devel-linux-x86_64-fedora-gcc | 1.0-2 | 186.28 | OK | |||
r-patched-linux-x86_64 | 1.0-2 | 15.97 | 140.16 | 156.13 | OK | |
r-release-linux-x86_64 | 1.0-2 | 11.31 | 132.20 | 143.51 | OK | |
r-release-macos-arm64 | 1.0-2 | OK | ||||
r-release-macos-x86_64 | 1.0-2 | OK | ||||
r-release-windows-x86_64 | 1.0-2 | 21.00 | 157.00 | 178.00 | OK | |
r-oldrel-macos-arm64 | 1.0-2 | OK | ||||
r-oldrel-macos-x86_64 | 1.0-2 | OK | ||||
r-oldrel-windows-ix86+x86_64 | 1.0-2 | 28.00 | 156.00 | 184.00 | OK |
Version: 1.0-2
Check: Rd cross-references
Result: NOTE
Undeclared package ‘nloptr’ in Rd xrefs
Flavor: r-devel-linux-x86_64-fedora-clang