Last updated on 2022-04-24 03:52:26 CEST.
Flavor | Version | Tinstall | Tcheck | Ttotal | Status | Flags |
---|---|---|---|---|---|---|
r-devel-linux-x86_64-debian-clang | 0.2.5 | 33.55 | 306.20 | 339.75 | OK | |
r-devel-linux-x86_64-debian-gcc | 0.2.5 | 28.67 | 221.05 | 249.72 | OK | |
r-devel-linux-x86_64-fedora-clang | 0.2.5 | 360.26 | NOTE | |||
r-devel-linux-x86_64-fedora-gcc | 0.2.5 | 406.48 | NOTE | |||
r-patched-linux-x86_64 | 0.2.5 | 26.66 | 282.52 | 309.18 | OK | |
r-release-linux-x86_64 | 0.2.5 | 29.09 | 258.54 | 287.63 | OK | |
r-release-macos-arm64 | 0.2.5 | NOTE | ||||
r-release-macos-x86_64 | 0.2.5 | NOTE | ||||
r-release-windows-x86_64 | 0.2.5 | 39.00 | 297.00 | 336.00 | OK | |
r-oldrel-macos-arm64 | 0.2.5 | NOTE | ||||
r-oldrel-macos-x86_64 | 0.2.5 | NOTE | ||||
r-oldrel-windows-ix86+x86_64 | 0.2.5 | 68.00 | 283.00 | 351.00 | OK |
Version: 0.2.5
Check: data for non-ASCII characters
Result: NOTE
Note: found 64 marked Latin-1 strings
Note: found 25 marked UTF-8 strings
Flavors: r-devel-linux-x86_64-fedora-clang, r-devel-linux-x86_64-fedora-gcc, r-release-macos-arm64, r-release-macos-x86_64, r-oldrel-macos-arm64, r-oldrel-macos-x86_64