Last updated on 2022-04-24 03:52:26 CEST.
Flavor | Version | Tinstall | Tcheck | Ttotal | Status | Flags |
---|---|---|---|---|---|---|
r-devel-linux-x86_64-debian-clang | 0.1.0 | 8.43 | 81.88 | 90.31 | NOTE | |
r-devel-linux-x86_64-debian-gcc | 0.1.0 | 6.42 | 60.23 | 66.65 | NOTE | |
r-devel-linux-x86_64-fedora-clang | 0.1.0 | 108.47 | NOTE | |||
r-devel-linux-x86_64-fedora-gcc | 0.1.0 | 97.71 | NOTE | |||
r-patched-linux-x86_64 | 0.1.0 | 6.29 | 77.02 | 83.31 | NOTE | |
r-release-linux-x86_64 | 0.1.0 | 4.94 | 71.41 | 76.35 | NOTE | |
r-release-macos-arm64 | 0.1.0 | NOTE | ||||
r-release-macos-x86_64 | 0.1.0 | NOTE | ||||
r-release-windows-x86_64 | 0.1.0 | 20.00 | 95.00 | 115.00 | NOTE | |
r-oldrel-macos-arm64 | 0.1.0 | NOTE | ||||
r-oldrel-macos-x86_64 | 0.1.0 | NOTE | ||||
r-oldrel-windows-ix86+x86_64 | 0.1.0 | 21.00 | 87.00 | 108.00 | NOTE |
Version: 0.1.0
Check: LazyData
Result: NOTE
'LazyData' is specified without a 'data' directory
Flavors: r-devel-linux-x86_64-debian-clang, r-devel-linux-x86_64-debian-gcc, r-devel-linux-x86_64-fedora-clang, r-devel-linux-x86_64-fedora-gcc, r-patched-linux-x86_64, r-release-linux-x86_64, r-release-macos-arm64, r-release-macos-x86_64, r-release-windows-x86_64, r-oldrel-macos-arm64, r-oldrel-macos-x86_64, r-oldrel-windows-ix86+x86_64