Last updated on 2022-04-24 03:52:26 CEST.
Flavor | Version | Tinstall | Tcheck | Ttotal | Status | Flags |
---|---|---|---|---|---|---|
r-devel-linux-x86_64-debian-clang | 1.0.2 | 164.65 | 221.75 | 386.40 | OK | |
r-devel-linux-x86_64-debian-gcc | 1.0.2 | 149.05 | 166.46 | 315.51 | OK | |
r-devel-linux-x86_64-fedora-clang | 1.0.2 | 525.30 | NOTE | |||
r-devel-linux-x86_64-fedora-gcc | 1.0.2 | 522.47 | OK | |||
r-patched-linux-x86_64 | 1.0.2 | 161.56 | 214.17 | 375.73 | OK | |
r-release-linux-x86_64 | 1.0.2 | 156.90 | 209.54 | 366.44 | OK | |
r-release-macos-arm64 | 1.0.2 | NOTE | ||||
r-release-macos-x86_64 | 1.0.2 | NOTE | ||||
r-release-windows-x86_64 | 1.0.2 | 178.00 | 218.00 | 396.00 | OK | |
r-oldrel-macos-arm64 | 1.0.2 | NOTE | ||||
r-oldrel-macos-x86_64 | 1.0.2 | NOTE | ||||
r-oldrel-windows-ix86+x86_64 | 1.0.2 | 326.00 | 267.00 | 593.00 | OK |
Version: 1.0.2
Check: installed package size
Result: NOTE
installed size is 31.4Mb
sub-directories of 1Mb or more:
libs 31.0Mb
Flavors: r-devel-linux-x86_64-fedora-clang, r-release-macos-arm64, r-release-macos-x86_64, r-oldrel-macos-arm64, r-oldrel-macos-x86_64