Last updated on 2022-04-24 03:52:26 CEST.
Flavor | Version | Tinstall | Tcheck | Ttotal | Status | Flags |
---|---|---|---|---|---|---|
r-devel-linux-x86_64-debian-clang | 0.2.0 | 7.83 | 100.56 | 108.39 | OK | |
r-devel-linux-x86_64-debian-gcc | 0.2.0 | 5.91 | 74.31 | 80.22 | OK | |
r-devel-linux-x86_64-fedora-clang | 0.2.0 | 129.97 | NOTE | |||
r-devel-linux-x86_64-fedora-gcc | 0.2.0 | 118.29 | NOTE | |||
r-patched-linux-x86_64 | 0.2.0 | 7.51 | 92.61 | 100.12 | OK | |
r-release-linux-x86_64 | 0.2.0 | 6.23 | 88.18 | 94.41 | OK | |
r-release-macos-arm64 | 0.2.0 | NOTE | ||||
r-release-macos-x86_64 | 0.2.0 | NOTE | ||||
r-release-windows-x86_64 | 0.2.0 | 25.00 | 120.00 | 145.00 | OK | |
r-oldrel-macos-arm64 | 0.2.0 | NOTE | ||||
r-oldrel-macos-x86_64 | 0.2.0 | NOTE | ||||
r-oldrel-windows-ix86+x86_64 | 0.2.0 | 17.00 | 114.00 | 131.00 | OK |
Version: 0.2.0
Check: dependencies in R code
Result: NOTE
Namespaces in Imports field not imported from:
‘pipeR’ ‘rlang’
All declared Imports should be used.
Flavors: r-devel-linux-x86_64-fedora-clang, r-devel-linux-x86_64-fedora-gcc, r-release-macos-arm64, r-release-macos-x86_64, r-oldrel-macos-arm64, r-oldrel-macos-x86_64