Last updated on 2022-04-24 03:52:26 CEST.
Flavor | Version | Tinstall | Tcheck | Ttotal | Status | Flags |
---|---|---|---|---|---|---|
r-devel-linux-x86_64-debian-clang | 2.0.4 | 145.22 | 260.43 | 405.65 | OK | |
r-devel-linux-x86_64-debian-gcc | 2.0.4 | 92.86 | 184.28 | 277.14 | OK | |
r-devel-linux-x86_64-fedora-clang | 2.0.4 | 554.54 | NOTE | |||
r-devel-linux-x86_64-fedora-gcc | 2.0.4 | 459.99 | OK | |||
r-patched-linux-x86_64 | 2.0.4 | 91.69 | 234.71 | 326.40 | OK | |
r-release-linux-x86_64 | 2.0.4 | 91.95 | 227.15 | 319.10 | OK | |
r-release-macos-arm64 | 2.0.4 | NOTE | ||||
r-release-macos-x86_64 | 2.0.4 | NOTE | ||||
r-release-windows-x86_64 | 2.0.4 | 72.00 | 279.00 | 351.00 | OK | |
r-oldrel-macos-arm64 | 2.0.4 | NOTE | ||||
r-oldrel-macos-x86_64 | 2.0.4 | NOTE | ||||
r-oldrel-windows-ix86+x86_64 | 2.0.4 | 205.00 | 307.00 | 512.00 | OK |
Version: 2.0.4
Check: installed package size
Result: NOTE
installed size is 31.2Mb
sub-directories of 1Mb or more:
libs 30.5Mb
Flavors: r-devel-linux-x86_64-fedora-clang, r-release-macos-arm64, r-release-macos-x86_64, r-oldrel-macos-arm64, r-oldrel-macos-x86_64