Last updated on 2022-04-24 03:52:26 CEST.
Flavor | Version | Tinstall | Tcheck | Ttotal | Status | Flags |
---|---|---|---|---|---|---|
r-devel-linux-x86_64-debian-clang | 1.3 | 5.49 | 64.85 | 70.34 | NOTE | |
r-devel-linux-x86_64-debian-gcc | 1.3 | 4.27 | 47.95 | 52.22 | NOTE | |
r-devel-linux-x86_64-fedora-clang | 1.3 | 82.12 | NOTE | |||
r-devel-linux-x86_64-fedora-gcc | 1.3 | 72.09 | NOTE | |||
r-patched-linux-x86_64 | 1.3 | 4.23 | 60.46 | 64.69 | NOTE | |
r-release-linux-x86_64 | 1.3 | 4.02 | 56.92 | 60.94 | NOTE | |
r-release-macos-arm64 | 1.3 | NOTE | ||||
r-release-macos-x86_64 | 1.3 | NOTE | ||||
r-release-windows-x86_64 | 1.3 | 11.00 | 81.00 | 92.00 | NOTE | |
r-oldrel-macos-arm64 | 1.3 | NOTE | ||||
r-oldrel-macos-x86_64 | 1.3 | NOTE | ||||
r-oldrel-windows-ix86+x86_64 | 1.3 | 17.00 | 73.00 | 90.00 | NOTE |
Version: 1.3
Check: LazyData
Result: NOTE
'LazyData' is specified without a 'data' directory
Flavors: r-devel-linux-x86_64-debian-clang, r-devel-linux-x86_64-debian-gcc, r-devel-linux-x86_64-fedora-clang, r-devel-linux-x86_64-fedora-gcc, r-patched-linux-x86_64, r-release-linux-x86_64, r-release-macos-arm64, r-release-macos-x86_64, r-release-windows-x86_64, r-oldrel-macos-arm64, r-oldrel-macos-x86_64, r-oldrel-windows-ix86+x86_64