Last updated on 2022-04-24 03:52:26 CEST.
Flavor | Version | Tinstall | Tcheck | Ttotal | Status | Flags |
---|---|---|---|---|---|---|
r-devel-linux-x86_64-debian-clang | 0.1.4 | 5.19 | 80.05 | 85.24 | OK | |
r-devel-linux-x86_64-debian-gcc | 0.1.4 | 4.37 | 58.02 | 62.39 | OK | |
r-devel-linux-x86_64-fedora-clang | 0.1.4 | 109.83 | OK | |||
r-devel-linux-x86_64-fedora-gcc | 0.1.4 | 89.79 | OK | |||
r-patched-linux-x86_64 | 0.1.4 | 4.81 | 73.45 | 78.26 | OK | |
r-release-linux-x86_64 | 0.1.4 | 4.27 | 66.83 | 71.10 | OK | |
r-release-macos-arm64 | 0.1.4 | OK | ||||
r-release-macos-x86_64 | 0.1.4 | WARN | ||||
r-release-windows-x86_64 | 0.1.4 | 18.00 | 99.00 | 117.00 | OK | |
r-oldrel-macos-arm64 | 0.1.4 | OK | ||||
r-oldrel-macos-x86_64 | 0.1.4 | WARN | ||||
r-oldrel-windows-ix86+x86_64 | 0.1.4 | 15.00 | 84.00 | 99.00 | OK |
Version: 0.1.4
Check: re-building of vignette outputs
Result: WARN
Error(s) in re-building vignettes:
...
--- re-building ‘ggBubbles.Rmd’ using rmarkdown
Warning in engine$weave(file, quiet = quiet, encoding = enc) :
Pandoc (>= 1.12.3) not available. Falling back to R Markdown v1.
Loading required package: knitr
Loading required package: ggplot2
Loading required package: ggBubbles
Quitting from lines 30-40 (ggBubbles.Rmd)
Error: processing vignette 'ggBubbles.Rmd' failed with diagnostics:
could not find function "CRANpkg"
--- failed re-building ‘ggBubbles.Rmd’
SUMMARY: processing the following file failed:
‘ggBubbles.Rmd’
Error: Vignette re-building failed.
Execution halted
Flavors: r-release-macos-x86_64, r-oldrel-macos-x86_64