Last updated on 2022-04-24 03:52:26 CEST.
Flavor | Version | Tinstall | Tcheck | Ttotal | Status | Flags |
---|---|---|---|---|---|---|
r-devel-linux-x86_64-debian-clang | 1.1 | 15.68 | 138.96 | 154.64 | OK | |
r-devel-linux-x86_64-debian-gcc | 1.1 | 12.98 | 102.19 | 115.17 | OK | |
r-devel-linux-x86_64-fedora-clang | 1.1 | 192.86 | NOTE | |||
r-devel-linux-x86_64-fedora-gcc | 1.1 | 177.12 | NOTE | |||
r-patched-linux-x86_64 | 1.1 | 16.77 | 129.20 | 145.97 | OK | |
r-release-linux-x86_64 | 1.1 | 14.42 | 122.49 | 136.91 | OK | |
r-release-macos-arm64 | 1.1 | NOTE | ||||
r-release-macos-x86_64 | 1.1 | NOTE | ||||
r-release-windows-x86_64 | 1.1 | 20.00 | 143.00 | 163.00 | OK | |
r-oldrel-macos-arm64 | 1.1 | NOTE | ||||
r-oldrel-macos-x86_64 | 1.1 | NOTE | ||||
r-oldrel-windows-ix86+x86_64 | 1.1 | 35.00 | 137.00 | 172.00 | OK |
Version: 1.1
Check: dependencies in R code
Result: NOTE
Namespaces in Imports field not imported from:
‘do’ ‘survival’
All declared Imports should be used.
Flavors: r-devel-linux-x86_64-fedora-clang, r-devel-linux-x86_64-fedora-gcc, r-release-macos-arm64, r-release-macos-x86_64, r-oldrel-macos-arm64, r-oldrel-macos-x86_64