Last updated on 2022-04-24 03:52:26 CEST.
Flavor | Version | Tinstall | Tcheck | Ttotal | Status | Flags |
---|---|---|---|---|---|---|
r-devel-linux-x86_64-debian-clang | 0.10.0 | 8.25 | 67.58 | 75.83 | NOTE | |
r-devel-linux-x86_64-debian-gcc | 0.10.0 | 5.57 | 50.70 | 56.27 | NOTE | |
r-devel-linux-x86_64-fedora-clang | 0.10.0 | 87.69 | NOTE | |||
r-devel-linux-x86_64-fedora-gcc | 0.10.0 | 76.13 | NOTE | |||
r-patched-linux-x86_64 | 0.10.0 | 5.12 | 64.56 | 69.68 | NOTE | |
r-release-linux-x86_64 | 0.10.0 | 6.75 | 60.66 | 67.41 | NOTE | |
r-release-macos-arm64 | 0.10.0 | NOTE | ||||
r-release-macos-x86_64 | 0.10.0 | NOTE | ||||
r-release-windows-x86_64 | 0.10.0 | 477.00 | 97.00 | 574.00 | OK | |
r-oldrel-macos-arm64 | 0.10.0 | NOTE | ||||
r-oldrel-macos-x86_64 | 0.10.0 | NOTE | ||||
r-oldrel-windows-ix86+x86_64 | 0.10.0 | 14.00 | 78.00 | 92.00 | OK |
Version: 0.10.0
Check: R code for possible problems
Result: NOTE
Found the following assignments to the global environment:
File 'ggExtra/R/ggMarginalGadget.R':
assign(plotname, eval(parse(text = origPlot)), envir = .GlobalEnv)
Flavors: r-devel-linux-x86_64-debian-clang, r-devel-linux-x86_64-debian-gcc, r-devel-linux-x86_64-fedora-clang, r-patched-linux-x86_64, r-release-linux-x86_64
Version: 0.10.0
Check: dependencies in R code
Result: NOTE
Namespaces in Imports field not imported from:
‘R6’ ‘grDevices’ ‘scales’ ‘utils’
All declared Imports should be used.
Flavors: r-devel-linux-x86_64-fedora-clang, r-devel-linux-x86_64-fedora-gcc, r-release-macos-arm64, r-release-macos-x86_64, r-oldrel-macos-arm64, r-oldrel-macos-x86_64