Last updated on 2022-04-24 03:52:26 CEST.
Flavor | Version | Tinstall | Tcheck | Ttotal | Status | Flags |
---|---|---|---|---|---|---|
r-devel-linux-x86_64-debian-clang | 1.0.0 | 6.53 | 213.33 | 219.86 | OK | |
r-devel-linux-x86_64-debian-gcc | 1.0.0 | 6.08 | 147.35 | 153.43 | OK | |
r-devel-linux-x86_64-fedora-clang | 1.0.0 | 238.23 | NOTE | |||
r-devel-linux-x86_64-fedora-gcc | 1.0.0 | 225.36 | OK | |||
r-patched-linux-x86_64 | 1.0.0 | 5.94 | 188.16 | 194.10 | OK | |
r-release-linux-x86_64 | 1.0.0 | 7.14 | 182.89 | 190.03 | OK | |
r-release-macos-arm64 | 1.0.0 | OK | ||||
r-release-macos-x86_64 | 1.0.0 | OK | ||||
r-release-windows-x86_64 | 1.0.0 | 25.00 | 218.00 | 243.00 | OK | |
r-oldrel-macos-arm64 | 1.0.0 | OK | ||||
r-oldrel-macos-x86_64 | 1.0.0 | OK | ||||
r-oldrel-windows-ix86+x86_64 | 1.0.0 | 17.00 | 212.00 | 229.00 | OK |
Version: 1.0.0
Check: Rd cross-references
Result: NOTE
Undeclared package ‘rlang’ in Rd xrefs
Flavor: r-devel-linux-x86_64-fedora-clang