Last updated on 2022-04-24 03:52:26 CEST.
Flavor | Version | Tinstall | Tcheck | Ttotal | Status | Flags |
---|---|---|---|---|---|---|
r-devel-linux-x86_64-debian-clang | 1.2.6 | 35.41 | 302.98 | 338.39 | NOTE | |
r-devel-linux-x86_64-debian-gcc | 1.2.6 | 27.37 | 218.32 | 245.69 | NOTE | |
r-devel-linux-x86_64-fedora-clang | 1.2.6 | 353.90 | NOTE | |||
r-devel-linux-x86_64-fedora-gcc | 1.2.6 | 398.13 | NOTE | |||
r-patched-linux-x86_64 | 1.2.6 | 30.03 | 282.35 | 312.38 | NOTE | |
r-release-linux-x86_64 | 1.2.6 | 30.46 | 257.28 | 287.74 | NOTE | |
r-release-macos-arm64 | 1.2.6 | NOTE | ||||
r-release-macos-x86_64 | 1.2.6 | NOTE | ||||
r-release-windows-x86_64 | 1.2.6 | 59.00 | 285.00 | 344.00 | NOTE | |
r-oldrel-macos-arm64 | 1.2.6 | NOTE | ||||
r-oldrel-macos-x86_64 | 1.2.6 | NOTE | ||||
r-oldrel-windows-ix86+x86_64 | 1.2.6 | 68.00 | 276.00 | 344.00 | NOTE |
Version: 1.2.6
Check: package dependencies
Result: NOTE
Package suggested but not available for checking: 'ggOceanMapsData'
Flavors: r-devel-linux-x86_64-debian-clang, r-devel-linux-x86_64-debian-gcc, r-devel-linux-x86_64-fedora-clang, r-devel-linux-x86_64-fedora-gcc, r-patched-linux-x86_64, r-release-linux-x86_64, r-release-macos-arm64, r-release-macos-x86_64, r-release-windows-x86_64, r-oldrel-macos-arm64, r-oldrel-macos-x86_64, r-oldrel-windows-ix86+x86_64