Last updated on 2022-04-24 03:52:26 CEST.
Flavor | Version | Tinstall | Tcheck | Ttotal | Status | Flags |
---|---|---|---|---|---|---|
r-devel-linux-x86_64-debian-clang | 1.2.6 | 19.62 | 404.54 | 424.16 | OK | |
r-devel-linux-x86_64-debian-gcc | 1.2.6 | 13.48 | 287.31 | 300.79 | OK | |
r-devel-linux-x86_64-fedora-clang | 1.2.6 | 455.69 | NOTE | |||
r-devel-linux-x86_64-fedora-gcc | 1.2.6 | 429.89 | OK | |||
r-patched-linux-x86_64 | 1.2.6 | 19.40 | 344.74 | 364.14 | OK | |
r-release-linux-x86_64 | 1.2.6 | 16.65 | 323.64 | 340.29 | OK | |
r-release-macos-arm64 | 1.2.6 | NOTE | ||||
r-release-macos-x86_64 | 1.2.6 | NOTE | ||||
r-release-windows-x86_64 | 1.2.6 | 120.00 | 408.00 | 528.00 | NOTE | |
r-oldrel-macos-arm64 | 1.2.6 | NOTE | ||||
r-oldrel-macos-x86_64 | 1.2.6 | NOTE | ||||
r-oldrel-windows-ix86+x86_64 | 1.2.6 | 33.00 | 343.00 | 376.00 | NOTE |
Version: 1.2.6
Check: installed package size
Result: NOTE
installed size is 8.7Mb
sub-directories of 1Mb or more:
doc 1.1Mb
help 2.1Mb
testdata 4.8Mb
Flavors: r-devel-linux-x86_64-fedora-clang, r-release-macos-arm64, r-release-macos-x86_64, r-release-windows-x86_64, r-oldrel-macos-arm64, r-oldrel-macos-x86_64, r-oldrel-windows-ix86+x86_64