Last updated on 2022-04-24 03:52:27 CEST.
Flavor | Version | Tinstall | Tcheck | Ttotal | Status | Flags |
---|---|---|---|---|---|---|
r-devel-linux-x86_64-debian-clang | 0.3.0 | 12.56 | 166.15 | 178.71 | OK | |
r-devel-linux-x86_64-debian-gcc | 0.3.0 | 8.43 | 118.79 | 127.22 | OK | |
r-devel-linux-x86_64-fedora-clang | 0.3.0 | 201.91 | OK | |||
r-devel-linux-x86_64-fedora-gcc | 0.3.0 | 187.90 | OK | |||
r-patched-linux-x86_64 | 0.3.0 | 8.69 | 151.03 | 159.72 | OK | |
r-release-linux-x86_64 | 0.3.0 | 6.34 | 142.41 | 148.75 | OK | |
r-release-macos-arm64 | 0.3.0 | OK | ||||
r-release-macos-x86_64 | 0.3.0 | WARN | ||||
r-release-windows-x86_64 | 0.3.0 | 33.00 | 178.00 | 211.00 | OK | |
r-oldrel-macos-arm64 | 0.3.0 | OK | ||||
r-oldrel-macos-x86_64 | 0.3.0 | WARN | ||||
r-oldrel-windows-ix86+x86_64 | 0.3.0 | 21.00 | 170.00 | 191.00 | OK |
Version: 0.3.0
Check: re-building of vignette outputs
Result: WARN
Error(s) in re-building vignettes:
--- re-building ‘introduction.Rmd’ using rmarkdown
Warning in engine$weave(file, quiet = quiet, encoding = enc) :
Pandoc (>= 1.12.3) not available. Falling back to R Markdown v1.
Attaching package: 'dplyr'
The following objects are masked from 'package:stats':
filter, lag
The following objects are masked from 'package:base':
intersect, setdiff, setequal, union
Loading required package: Matrix
PhantomJS not found. You can install it with webshot::install_phantomjs(). If it is installed, please make sure the phantomjs executable can be found via the PATH variable.
PhantomJS not found. You can install it with webshot::install_phantomjs(). If it is installed, please make sure the phantomjs executable can be found via the PATH variable.
Quitting from lines 185-186 (introduction.Rmd)
Error: processing vignette 'introduction.Rmd' failed with diagnostics:
invalid 'path' argument
--- failed re-building ‘introduction.Rmd’
SUMMARY: processing the following file failed:
‘introduction.Rmd’
Error: Vignette re-building failed.
Execution halted
Flavors: r-release-macos-x86_64, r-oldrel-macos-x86_64