Last updated on 2022-04-24 03:52:27 CEST.
Flavor | Version | Tinstall | Tcheck | Ttotal | Status | Flags |
---|---|---|---|---|---|---|
r-devel-linux-x86_64-debian-clang | 1.2.0 | 7.64 | 125.93 | 133.57 | OK | |
r-devel-linux-x86_64-debian-gcc | 1.2.0 | 6.90 | 94.52 | 101.42 | OK | |
r-devel-linux-x86_64-fedora-clang | 1.2.0 | 155.55 | NOTE | |||
r-devel-linux-x86_64-fedora-gcc | 1.2.0 | 143.17 | OK | |||
r-patched-linux-x86_64 | 1.2.0 | 8.17 | 119.18 | 127.35 | OK | |
r-release-linux-x86_64 | 1.2.0 | 5.16 | 126.17 | 131.33 | OK | |
r-release-macos-arm64 | 1.2.0 | NOTE | ||||
r-release-macos-x86_64 | 1.2.0 | NOTE | ||||
r-release-windows-x86_64 | 1.2.0 | 65.00 | 160.00 | 225.00 | NOTE | |
r-oldrel-macos-arm64 | 1.2.0 | NOTE | ||||
r-oldrel-macos-x86_64 | 1.2.0 | NOTE | ||||
r-oldrel-windows-ix86+x86_64 | 1.2.0 | 18.00 | 149.00 | 167.00 | NOTE |
Version: 1.2.0
Check: installed package size
Result: NOTE
installed size is 10.7Mb
sub-directories of 1Mb or more:
doc 10.2Mb
Flavors: r-devel-linux-x86_64-fedora-clang, r-release-macos-arm64, r-release-macos-x86_64, r-release-windows-x86_64, r-oldrel-macos-arm64, r-oldrel-macos-x86_64, r-oldrel-windows-ix86+x86_64