Last updated on 2022-04-24 03:52:26 CEST.
Flavor | Version | Tinstall | Tcheck | Ttotal | Status | Flags |
---|---|---|---|---|---|---|
r-devel-linux-x86_64-debian-clang | 1.0.7 | 13.55 | 251.02 | 264.57 | NOTE | |
r-devel-linux-x86_64-debian-gcc | 1.0.7 | 10.37 | 179.14 | 189.51 | NOTE | |
r-devel-linux-x86_64-fedora-clang | 1.0.7 | 293.25 | NOTE | |||
r-devel-linux-x86_64-fedora-gcc | 1.0.7 | 280.62 | NOTE | |||
r-patched-linux-x86_64 | 1.0.7 | 12.72 | 224.95 | 237.67 | NOTE | |
r-release-linux-x86_64 | 1.0.7 | 11.67 | 202.48 | 214.15 | NOTE | |
r-release-macos-arm64 | 1.0.7 | NOTE | ||||
r-release-macos-x86_64 | 1.0.7 | NOTE | ||||
r-release-windows-x86_64 | 1.0.7 | 67.00 | 246.00 | 313.00 | NOTE | |
r-oldrel-macos-arm64 | 1.0.7 | NOTE | ||||
r-oldrel-macos-x86_64 | 1.0.7 | NOTE | ||||
r-oldrel-windows-ix86+x86_64 | 1.0.7 | 26.00 | 232.00 | 258.00 | NOTE |
Version: 1.0.7
Check: LazyData
Result: NOTE
'LazyData' is specified without a 'data' directory
Flavors: r-devel-linux-x86_64-debian-clang, r-devel-linux-x86_64-debian-gcc, r-devel-linux-x86_64-fedora-clang, r-devel-linux-x86_64-fedora-gcc, r-patched-linux-x86_64, r-release-linux-x86_64, r-release-macos-arm64, r-release-macos-x86_64, r-release-windows-x86_64, r-oldrel-macos-arm64, r-oldrel-macos-x86_64, r-oldrel-windows-ix86+x86_64