Last updated on 2022-04-24 03:52:26 CEST.
Flavor | Version | Tinstall | Tcheck | Ttotal | Status | Flags |
---|---|---|---|---|---|---|
r-devel-linux-x86_64-debian-clang | 0.1.3 | 5.12 | 64.31 | 69.43 | NOTE | |
r-devel-linux-x86_64-debian-gcc | 0.1.3 | 3.59 | 48.04 | 51.63 | NOTE | |
r-devel-linux-x86_64-fedora-clang | 0.1.3 | 81.99 | NOTE | |||
r-devel-linux-x86_64-fedora-gcc | 0.1.3 | 69.11 | NOTE | |||
r-patched-linux-x86_64 | 0.1.3 | 5.59 | 59.19 | 64.78 | NOTE | |
r-release-linux-x86_64 | 0.1.3 | 3.29 | 57.34 | 60.63 | NOTE | |
r-release-macos-arm64 | 0.1.3 | NOTE | ||||
r-release-macos-x86_64 | 0.1.3 | NOTE | ||||
r-release-windows-x86_64 | 0.1.3 | 11.00 | 79.00 | 90.00 | NOTE | |
r-oldrel-macos-arm64 | 0.1.3 | NOTE | ||||
r-oldrel-macos-x86_64 | 0.1.3 | NOTE | ||||
r-oldrel-windows-ix86+x86_64 | 0.1.3 | 14.00 | 67.00 | 81.00 | NOTE |
Version: 0.1.3
Check: LazyData
Result: NOTE
'LazyData' is specified without a 'data' directory
Flavors: r-devel-linux-x86_64-debian-clang, r-devel-linux-x86_64-debian-gcc, r-devel-linux-x86_64-fedora-clang, r-devel-linux-x86_64-fedora-gcc, r-patched-linux-x86_64, r-release-linux-x86_64, r-release-macos-arm64, r-release-macos-x86_64, r-release-windows-x86_64, r-oldrel-macos-arm64, r-oldrel-macos-x86_64, r-oldrel-windows-ix86+x86_64