Last updated on 2022-04-24 03:52:26 CEST.
Flavor | Version | Tinstall | Tcheck | Ttotal | Status | Flags |
---|---|---|---|---|---|---|
r-devel-linux-x86_64-debian-clang | 0.2.6.0 | 134.87 | 93.10 | 227.97 | NOTE | |
r-devel-linux-x86_64-debian-gcc | 0.2.6.0 | 114.13 | 68.83 | 182.96 | NOTE | |
r-devel-linux-x86_64-fedora-clang | 0.2.6.0 | 323.07 | NOTE | |||
r-devel-linux-x86_64-fedora-gcc | 0.2.6.0 | 284.85 | NOTE | |||
r-patched-linux-x86_64 | 0.2.6.0 | 124.66 | 87.07 | 211.73 | NOTE | |
r-release-linux-x86_64 | 0.2.6.0 | 112.22 | 83.31 | 195.53 | NOTE | |
r-release-macos-arm64 | 0.2.6.0 | NOTE | ||||
r-release-macos-x86_64 | 0.2.6.0 | NOTE | ||||
r-release-windows-x86_64 | 0.2.6.0 | 126.00 | 127.00 | 253.00 | NOTE | |
r-oldrel-macos-arm64 | 0.2.6.0 | NOTE | ||||
r-oldrel-macos-x86_64 | 0.2.6.0 | NOTE | ||||
r-oldrel-windows-ix86+x86_64 | 0.2.6.0 | 316.00 | 131.00 | 447.00 | NOTE |
Version: 0.2.6.0
Check: LazyData
Result: NOTE
'LazyData' is specified without a 'data' directory
Flavors: r-devel-linux-x86_64-debian-clang, r-devel-linux-x86_64-debian-gcc, r-devel-linux-x86_64-fedora-clang, r-devel-linux-x86_64-fedora-gcc, r-patched-linux-x86_64, r-release-linux-x86_64, r-release-macos-arm64, r-release-macos-x86_64, r-release-windows-x86_64, r-oldrel-macos-arm64, r-oldrel-macos-x86_64, r-oldrel-windows-ix86+x86_64
Version: 0.2.6.0
Check: installed package size
Result: NOTE
installed size is 6.7Mb
sub-directories of 1Mb or more:
libs 6.3Mb
Flavors: r-release-macos-arm64, r-release-macos-x86_64, r-oldrel-macos-arm64, r-oldrel-macos-x86_64