Last updated on 2022-04-24 03:52:26 CEST.
Flavor | Version | Tinstall | Tcheck | Ttotal | Status | Flags |
---|---|---|---|---|---|---|
r-devel-linux-x86_64-debian-clang | 0.1.3 | 6.07 | 91.34 | 97.41 | NOTE | |
r-devel-linux-x86_64-debian-gcc | 0.1.3 | 5.01 | 66.77 | 71.78 | NOTE | |
r-devel-linux-x86_64-fedora-clang | 0.1.3 | 114.19 | NOTE | |||
r-devel-linux-x86_64-fedora-gcc | 0.1.3 | 98.48 | NOTE | |||
r-patched-linux-x86_64 | 0.1.3 | 5.75 | 84.48 | 90.23 | NOTE | |
r-release-linux-x86_64 | 0.1.3 | 6.01 | 80.78 | 86.79 | NOTE | |
r-release-macos-arm64 | 0.1.3 | NOTE | ||||
r-release-macos-x86_64 | 0.1.3 | NOTE | ||||
r-release-windows-x86_64 | 0.1.3 | 19.00 | 109.00 | 128.00 | NOTE | |
r-oldrel-macos-arm64 | 0.1.3 | NOTE | ||||
r-oldrel-macos-x86_64 | 0.1.3 | NOTE | ||||
r-oldrel-windows-ix86+x86_64 | 0.1.3 | 15.00 | 96.00 | 111.00 | NOTE |
Version: 0.1.3
Check: LazyData
Result: NOTE
'LazyData' is specified without a 'data' directory
Flavors: r-devel-linux-x86_64-debian-clang, r-devel-linux-x86_64-debian-gcc, r-devel-linux-x86_64-fedora-clang, r-devel-linux-x86_64-fedora-gcc, r-patched-linux-x86_64, r-release-linux-x86_64, r-release-macos-arm64, r-release-macos-x86_64, r-release-windows-x86_64, r-oldrel-macos-arm64, r-oldrel-macos-x86_64, r-oldrel-windows-ix86+x86_64