Last updated on 2022-04-24 03:52:26 CEST.
Flavor | Version | Tinstall | Tcheck | Ttotal | Status | Flags |
---|---|---|---|---|---|---|
r-devel-linux-x86_64-debian-clang | 0.3.1 | 13.69 | 126.88 | 140.57 | OK | |
r-devel-linux-x86_64-debian-gcc | 0.3.1 | 10.53 | 93.30 | 103.83 | OK | |
r-devel-linux-x86_64-fedora-clang | 0.3.1 | 174.35 | NOTE | |||
r-devel-linux-x86_64-fedora-gcc | 0.3.1 | 147.03 | NOTE | |||
r-patched-linux-x86_64 | 0.3.1 | 8.35 | 117.27 | 125.62 | OK | |
r-release-linux-x86_64 | 0.3.1 | 7.20 | 114.47 | 121.67 | OK | |
r-release-macos-arm64 | 0.3.1 | NOTE | ||||
r-release-macos-x86_64 | 0.3.1 | NOTE | ||||
r-release-windows-x86_64 | 0.3.1 | 50.00 | 148.00 | 198.00 | OK | |
r-oldrel-macos-arm64 | 0.3.1 | NOTE | ||||
r-oldrel-macos-x86_64 | 0.3.1 | NOTE | ||||
r-oldrel-windows-ix86+x86_64 | 0.3.1 | 25.00 | 137.00 | 162.00 | OK |
Version: 0.3.1
Check: dependencies in R code
Result: NOTE
Namespace in Imports field not imported from: ‘magrittr’
All declared Imports should be used.
Flavors: r-devel-linux-x86_64-fedora-clang, r-devel-linux-x86_64-fedora-gcc, r-release-macos-arm64, r-release-macos-x86_64, r-oldrel-macos-arm64, r-oldrel-macos-x86_64