Last updated on 2022-04-24 03:52:26 CEST.
Flavor | Version | Tinstall | Tcheck | Ttotal | Status | Flags |
---|---|---|---|---|---|---|
r-devel-linux-x86_64-debian-clang | 0.3.6 | 6.14 | 199.38 | 205.52 | NOTE | |
r-devel-linux-x86_64-debian-gcc | 0.3.6 | 5.45 | 125.59 | 131.04 | NOTE | |
r-devel-linux-x86_64-fedora-clang | 0.3.6 | 206.11 | NOTE | |||
r-devel-linux-x86_64-fedora-gcc | 0.3.6 | 174.70 | NOTE | |||
r-patched-linux-x86_64 | 0.3.6 | 11.75 | 155.47 | 167.22 | NOTE | |
r-release-linux-x86_64 | 0.3.6 | 5.53 | 151.48 | 157.01 | NOTE | |
r-release-macos-arm64 | 0.3.6 | NOTE | ||||
r-release-macos-x86_64 | 0.3.6 | NOTE | ||||
r-release-windows-x86_64 | 0.3.6 | 24.00 | 160.00 | 184.00 | NOTE | |
r-oldrel-macos-arm64 | 0.3.6 | NOTE | ||||
r-oldrel-macos-x86_64 | 0.3.6 | NOTE | ||||
r-oldrel-windows-ix86+x86_64 | 0.3.6 | 17.00 | 157.00 | 174.00 | NOTE |
Version: 0.3.6
Check: LazyData
Result: NOTE
'LazyData' is specified without a 'data' directory
Flavors: r-devel-linux-x86_64-debian-clang, r-devel-linux-x86_64-debian-gcc, r-devel-linux-x86_64-fedora-clang, r-devel-linux-x86_64-fedora-gcc, r-patched-linux-x86_64, r-release-linux-x86_64, r-release-macos-arm64, r-release-macos-x86_64, r-release-windows-x86_64, r-oldrel-macos-arm64, r-oldrel-macos-x86_64, r-oldrel-windows-ix86+x86_64