Last updated on 2022-04-24 03:52:26 CEST.
Flavor | Version | Tinstall | Tcheck | Ttotal | Status | Flags |
---|---|---|---|---|---|---|
r-devel-linux-x86_64-debian-clang | 0.1.3 | 13.15 | 135.06 | 148.21 | OK | |
r-devel-linux-x86_64-debian-gcc | 0.1.3 | 8.94 | 96.32 | 105.26 | OK | |
r-devel-linux-x86_64-fedora-clang | 0.1.3 | 175.48 | NOTE | |||
r-devel-linux-x86_64-fedora-gcc | 0.1.3 | 152.14 | NOTE | |||
r-patched-linux-x86_64 | 0.1.3 | 15.52 | 124.16 | 139.68 | OK | |
r-release-linux-x86_64 | 0.1.3 | 6.86 | 121.40 | 128.26 | OK | |
r-release-macos-arm64 | 0.1.3 | NOTE | ||||
r-release-macos-x86_64 | 0.1.3 | NOTE | ||||
r-release-windows-x86_64 | 0.1.3 | 28.00 | 149.00 | 177.00 | OK | |
r-oldrel-macos-arm64 | 0.1.3 | NOTE | ||||
r-oldrel-macos-x86_64 | 0.1.3 | NOTE | ||||
r-oldrel-windows-ix86+x86_64 | 0.1.3 | 20.00 | 141.00 | 161.00 | OK |
Version: 0.1.3
Check: dependencies in R code
Result: NOTE
Namespaces in Imports field not imported from:
‘colorspace’ ‘grid’ ‘rstan’
All declared Imports should be used.
Flavors: r-devel-linux-x86_64-fedora-clang, r-devel-linux-x86_64-fedora-gcc, r-release-macos-arm64, r-release-macos-x86_64, r-oldrel-macos-arm64, r-oldrel-macos-x86_64