Last updated on 2022-04-24 03:52:26 CEST.
Flavor | Version | Tinstall | Tcheck | Ttotal | Status | Flags |
---|---|---|---|---|---|---|
r-devel-linux-x86_64-debian-clang | 0.3.3 | 109.80 | 177.78 | 287.58 | NOTE | |
r-devel-linux-x86_64-debian-gcc | 0.3.3 | 85.76 | 129.38 | 215.14 | NOTE | |
r-devel-linux-x86_64-fedora-clang | 0.3.3 | 370.23 | NOTE | |||
r-devel-linux-x86_64-fedora-gcc | 0.3.3 | 333.41 | NOTE | |||
r-patched-linux-x86_64 | 0.3.3 | 89.44 | 165.38 | 254.82 | NOTE | |
r-release-linux-x86_64 | 0.3.3 | 93.28 | 159.49 | 252.77 | NOTE | |
r-release-macos-arm64 | 0.3.3 | NOTE | ||||
r-release-macos-x86_64 | 0.3.3 | NOTE | ||||
r-release-windows-x86_64 | 0.3.3 | 121.00 | 210.00 | 331.00 | NOTE | |
r-oldrel-macos-arm64 | 0.3.3 | NOTE | ||||
r-oldrel-macos-x86_64 | 0.3.3 | NOTE | ||||
r-oldrel-windows-ix86+x86_64 | 0.3.3 | 224.00 | 297.00 | 521.00 | NOTE |
Version: 0.3.3
Check: LazyData
Result: NOTE
'LazyData' is specified without a 'data' directory
Flavors: r-devel-linux-x86_64-debian-clang, r-devel-linux-x86_64-debian-gcc, r-devel-linux-x86_64-fedora-clang, r-devel-linux-x86_64-fedora-gcc, r-patched-linux-x86_64, r-release-linux-x86_64, r-release-macos-arm64, r-release-macos-x86_64, r-release-windows-x86_64, r-oldrel-macos-arm64, r-oldrel-macos-x86_64, r-oldrel-windows-ix86+x86_64
Version: 0.3.3
Check: installed package size
Result: NOTE
installed size is 18.2Mb
sub-directories of 1Mb or more:
help 1.1Mb
libs 16.2Mb
Flavors: r-devel-linux-x86_64-fedora-clang, r-release-macos-arm64, r-release-macos-x86_64, r-oldrel-macos-arm64, r-oldrel-macos-x86_64
Version: 0.3.3
Check: dependencies in R code
Result: NOTE
Namespace in Imports field not imported from: ‘withr’
All declared Imports should be used.
Flavors: r-devel-linux-x86_64-fedora-clang, r-devel-linux-x86_64-fedora-gcc, r-release-macos-arm64, r-release-macos-x86_64, r-oldrel-macos-arm64, r-oldrel-macos-x86_64