Last updated on 2022-04-24 03:52:26 CEST.
| Flavor | Version | Tinstall | Tcheck | Ttotal | Status | Flags | 
|---|---|---|---|---|---|---|
| r-devel-linux-x86_64-debian-clang | 0.10.1 | 23.26 | 307.86 | 331.12 | OK | |
| r-devel-linux-x86_64-debian-gcc | 0.10.1 | 19.62 | 214.85 | 234.47 | OK | |
| r-devel-linux-x86_64-fedora-clang | 0.10.1 | 391.81 | NOTE | |||
| r-devel-linux-x86_64-fedora-gcc | 0.10.1 | 361.10 | OK | |||
| r-patched-linux-x86_64 | 0.10.1 | 34.00 | 279.66 | 313.66 | OK | |
| r-release-linux-x86_64 | 0.10.1 | 20.40 | 259.55 | 279.95 | OK | |
| r-release-macos-arm64 | 0.10.1 | OK | ||||
| r-release-macos-x86_64 | 0.10.1 | OK | ||||
| r-release-windows-x86_64 | 0.10.1 | 148.00 | 322.00 | 470.00 | OK | |
| r-oldrel-macos-arm64 | 0.10.1 | OK | ||||
| r-oldrel-macos-x86_64 | 0.10.1 | OK | ||||
| r-oldrel-windows-ix86+x86_64 | 0.10.1 | 40.00 | 301.00 | 341.00 | OK | 
Version: 0.10.1
Check: Rd cross-references
Result: NOTE
    Undeclared package ‘quantreg’ in Rd xrefs
Flavor: r-devel-linux-x86_64-fedora-clang